{"id":5158,"date":"2020-08-25T12:33:25","date_gmt":"2020-08-25T12:33:25","guid":{"rendered":"https:\/\/www.turnoffthelights.com\/support\/?page_id=5158"},"modified":"2021-04-29T12:28:44","modified_gmt":"2021-04-29T12:28:44","slug":"panel-de-control-elija-su-producto","status":"publish","type":"page","link":"https:\/\/www.turnoffthelights.com\/support\/es\/panel-de-control-elija-su-producto\/","title":{"rendered":"Panel de control: elija su producto"},"content":{"rendered":"\n<div class=\"productlist\">\n<ul class=\"support-grid\">\n\t<li><a title=\"Browser Extension: That can be a Chrome extension, Firefox extension, Opera extension, Microsoft Edge extension, or Safari extension.\" href=\"\/support\/dashboard\/browser-extension\/\"><div class=\"btn-browser-extension\"><\/div><div class=\"title\">Extensi\u00f3n del navegador<\/div><\/a><\/li>\n\t<li><a title=\"Browser Theme: Get a dark theme that is comfortable for every web browser task\" href=\"\/support\/dashboard\/browser-theme\/\"><div class=\"btn-browser-theme\"><\/div><div class=\"title\">Tema del navegador<\/div><\/a><\/li>\n\t<li><a title=\"Desktop App: That can be a Mac or a Windows App\" href=\"\/support\/dashboard\/desktop-app\/\"><div class=\"btn-desktop-app\"><\/div><div class=\"title\">Aplicaci\u00f3n de escritorio<\/div><\/a><\/li>\n\t<li><a title=\"Mobile App: That can be an iOS, Android or a Windows Phone App\" href=\"\/support\/dashboard\/mobile-app\/\"><div class=\"btn-mobile-app\"><\/div><div class=\"title\">Aplicaci\u00f3n movil<\/div><\/a><\/li>\n\t<li><a title=\"Personal Assistant: That can be a Google Assistant app for your Google Home device\" href=\"\/support\/dashboard\/personal-assistant\/\"><div class=\"btn-personal-assistant\"><\/div><div class=\"title\">Asistente personal<\/div><\/a><\/li>\n\t<li><a title=\"About project: Learn more about the project\" href=\"\/support\/dashboard\/about-project\/\"><div class=\"btn-about-project\"><\/div><div class=\"title\">About Project<\/div><\/a><\/li>\n\t<\/ul>\n<\/div>\n\n\n\n<hr class=\"wp-block-separator\"\/>\n\n\n\n<div class=\"wp-block-media-text alignwide has-media-on-the-right\" style=\"grid-template-columns:auto 31%\"><figure class=\"wp-block-media-text__media\"><img decoding=\"async\" width=\"1024\" height=\"576\" src=\"https:\/\/www.turnoffthelights.com\/support\/wp-content\/uploads\/2020\/03\/how-to-install-the-turn-off-the-lights-chrome-extension-in-google-chrome-1024x576.png\" alt=\"How to install the Turn Off the Lights Chrome extension\" class=\"wp-image-3955 size-full\" srcset=\"https:\/\/www.turnoffthelights.com\/support\/wp-content\/uploads\/2020\/03\/how-to-install-the-turn-off-the-lights-chrome-extension-in-google-chrome-1024x576.png 1024w, https:\/\/www.turnoffthelights.com\/support\/wp-content\/uploads\/2020\/03\/how-to-install-the-turn-off-the-lights-chrome-extension-in-google-chrome-300x169.png 300w, https:\/\/www.turnoffthelights.com\/support\/wp-content\/uploads\/2020\/03\/how-to-install-the-turn-off-the-lights-chrome-extension-in-google-chrome-768x432.png 768w, https:\/\/www.turnoffthelights.com\/support\/wp-content\/uploads\/2020\/03\/how-to-install-the-turn-off-the-lights-chrome-extension-in-google-chrome-60x34.png 60w, https:\/\/www.turnoffthelights.com\/support\/wp-content\/uploads\/2020\/03\/how-to-install-the-turn-off-the-lights-chrome-extension-in-google-chrome-150x84.png 150w, https:\/\/www.turnoffthelights.com\/support\/wp-content\/uploads\/2020\/03\/how-to-install-the-turn-off-the-lights-chrome-extension-in-google-chrome.png 1280w\" sizes=\"(max-width: 1024px) 100vw, 1024px\" \/><\/figure><div class=\"wp-block-media-text__content\">\n<h2 class=\"wp-block-heading\">\u00bfC\u00f3mo usar la extensi\u00f3n Turn Off the Lights Browser en su navegador web favorito?<\/h2>\n\n\n\n<p>Obtenga m\u00e1s informaci\u00f3n sobre todas las funciones sorprendentes y \u00fatiles de la extensi\u00f3n del navegador Turn Off the Lights. Para que tenga la mejor experiencia web en su navegador web favorito como nunca antes lo hab\u00eda visto. Simple, f\u00e1cil y gratis.<\/p>\n\n\n\n<p><a rel=\"noreferrer noopener\" aria-label=\" (opens in a new tab)\" class=\"rank-math-link\" href=\"https:\/\/www.youtube.com\/watch?v=3MXqzEkRT0g&amp;list=PLxPzk_0jENdDE4L9hogibNW-8JdLQLHD5\" target=\"_blank\">Mira el video en YouTube<\/a><\/p>\n<\/div><\/div>\n\n\n\n<div style=\"height:56px\" aria-hidden=\"true\" class=\"wp-block-spacer\"><\/div>\n\n\n\n<hr class=\"wp-block-separator\"\/>\n\n\n\n<div style=\"height:100px\" aria-hidden=\"true\" class=\"wp-block-spacer\"><\/div>\n\n\n\n<div class=\"wp-block-media-text alignwide\" style=\"grid-template-columns:33% auto\"><figure class=\"wp-block-media-text__media\"><img decoding=\"async\" width=\"1024\" height=\"275\" src=\"https:\/\/www.turnoffthelights.com\/support\/wp-content\/uploads\/2019\/11\/support-turn-off-the-lights-project-1024x275.png\" alt=\"How to support the Turn Off the Lights project\" class=\"wp-image-3164 size-full\" srcset=\"https:\/\/www.turnoffthelights.com\/support\/wp-content\/uploads\/2019\/11\/support-turn-off-the-lights-project-1024x275.png 1024w, https:\/\/www.turnoffthelights.com\/support\/wp-content\/uploads\/2019\/11\/support-turn-off-the-lights-project-300x81.png 300w, https:\/\/www.turnoffthelights.com\/support\/wp-content\/uploads\/2019\/11\/support-turn-off-the-lights-project-768x206.png 768w, https:\/\/www.turnoffthelights.com\/support\/wp-content\/uploads\/2019\/11\/support-turn-off-the-lights-project-60x16.png 60w, https:\/\/www.turnoffthelights.com\/support\/wp-content\/uploads\/2019\/11\/support-turn-off-the-lights-project-150x40.png 150w\" sizes=\"(max-width: 1024px) 100vw, 1024px\" \/><\/figure><div class=\"wp-block-media-text__content\">\n<h2 class=\"wp-block-heading\">\u00bfC\u00f3mo puedo apoyar el proyecto Turn Off the Lights?<\/h2>\n\n\n\n<p>Cada contribuci\u00f3n es bienvenida para mejorar esta experiencia web y hacerla disponible para todos los usuarios del mundo de forma gratuita. Eso de informar nuevas ideas, traducirlas y hacer una peque\u00f1a donaci\u00f3n.<\/p>\n\n\n\n<p><a class=\"rank-math-link\" href=\"https:\/\/www.turnoffthelights.com\/support\/about-the-project\/how-can-i-support-turn-off-the-lights\/\">Contribuya ahora<\/a><\/p>\n<\/div><\/div>\n\n\n\n<div style=\"height:100px\" aria-hidden=\"true\" class=\"wp-block-spacer\"><\/div>\n\n\n\n<hr class=\"wp-block-separator\"\/>\n\n\n\n<div style=\"height:100px\" aria-hidden=\"true\" class=\"wp-block-spacer\"><\/div>\n\n\n\n<h2>Articulos Populares<\/h2><ul class=\"wpp-list\">\n<li class=\"\"> <a href=\"https:\/\/www.turnoffthelights.com\/support\/browser-extension\/how-to-enable-amazon-dark-mode\/\" class=\"wpp-post-title\" target=\"_self\">Amazon Dark Mode: How to Enable It on Desktop, Mobile &amp; App (2026)<\/a> <span class=\"wpp-meta post-stats\"><\/span><\/li>\n<li class=\"\"> <a href=\"https:\/\/www.turnoffthelights.com\/support\/browser-extension\/how-to-enable-ao3-dark-mode\/\" class=\"wpp-post-title\" target=\"_self\">How to enable AO3 Dark Mode in 3 easy steps?<\/a> <span class=\"wpp-meta post-stats\"><\/span><\/li>\n<li class=\"\"> <a href=\"https:\/\/www.turnoffthelights.com\/support\/browser-extension\/how-to-enable-pinterest-dark-mode-for-free\/\" class=\"wpp-post-title\" target=\"_self\">How to enable Pinterest Dark Mode for FREE (in 3 easy steps)?<\/a> <span class=\"wpp-meta post-stats\"><\/span><\/li>\n<li class=\"\"> <a href=\"https:\/\/www.turnoffthelights.com\/support\/browser-extension\/yahoo-dark-mode\/\" class=\"wpp-post-title\" target=\"_self\">How to enable Yahoo Dark Mode for FREE in easily 3 steps?<\/a> <span class=\"wpp-meta post-stats\"><\/span><\/li>\n<li class=\"\"> <a href=\"https:\/\/www.turnoffthelights.com\/support\/browser-extension\/how-to-get-google-translate-dark-mode\/\" class=\"wpp-post-title\" target=\"_self\">How to get Google Translate Dark Mode in 3 easy steps?<\/a> <span class=\"wpp-meta post-stats\"><\/span><\/li>\n<li class=\"\"> <a href=\"https:\/\/www.turnoffthelights.com\/support\/browser-extension\/how-to-enable-twitter-dark-mode\/\" class=\"wpp-post-title\" target=\"_self\">How to enable Twitter Dark Mode in 3 easy steps?<\/a> <span class=\"wpp-meta post-stats\"><\/span><\/li>\n<li class=\"\"> <a href=\"https:\/\/www.turnoffthelights.com\/support\/browser-extension\/dark-reader-v5-subscription\/\" class=\"wpp-post-title\" target=\"_self\">Dark Reader v5: A Paid Chrome Extension with a Subscription Model \u2013 FREE Alternative and Open-Source<\/a> <span class=\"wpp-meta post-stats\"><\/span><\/li>\n<li class=\"\"> <a href=\"https:\/\/www.turnoffthelights.com\/support\/browser-extension\/how-to-remove-puzzle-piece-icon-safari\/\" class=\"wpp-post-title\" target=\"_self\">How to easily remove puzzle piece icon Safari (iOS15 and iOS16)? | Help<\/a> <span class=\"wpp-meta post-stats\"><\/span><\/li>\n<li class=\"\"> <a href=\"https:\/\/www.turnoffthelights.com\/support\/browser-extension\/how-to-fix-bad-video-quality-in-google-chrome\/\" class=\"wpp-post-title\" target=\"_self\">How to fix bad video quality and YouTube quality in Google Chrome? (5 Easy Ways)<\/a> <span class=\"wpp-meta post-stats\"><\/span><\/li>\n<li class=\"\"> <a href=\"https:\/\/www.turnoffthelights.com\/support\/browser-extension\/ometv-dark-mode\/\" class=\"wpp-post-title\" target=\"_self\">Unveiling OmeTV Dark Mode: The Ultimate Guide<\/a> <span class=\"wpp-meta post-stats\"><\/span><\/li>\n\n<\/ul>\n\n\n\n<div style=\"height:100px\" aria-hidden=\"true\" class=\"wp-block-spacer\"><\/div>\n\n\n\n<hr class=\"wp-block-separator\"\/>\n\n\n\n<div class=\"contactus\"><a class=\"supportitem\" href=\"https:\/\/www.turnoffthelights.com\/support\/contact-us\/\"><img decoding=\"async\" src=\"https:\/\/www.turnoffthelights.com\/support\/wp-content\/uploads\/2016\/11\/turn-off-the-lights-email-support.png\" alt=\"Turn Off the Lights email support - Contact Us 24h\/7\" width=\"220\" height=\"80\"><\/a><a class=\"supportitem\" href=\"https:\/\/assistant.google.com\/services\/invoke\/uid\/000000c04d6b5f8c\" target=\"_blank\" rel=\"noopener noreferrer\"><img decoding=\"async\" src=\"https:\/\/www.turnoffthelights.com\/support\/wp-content\/uploads\/2017\/12\/totl-google-assistant-support-chat.png\" alt=\"Turn Off the Lights Support for Google Assistant\" width=\"220\" height=\"80\"><\/a><div class=\"abc\"><div class=\"apple-business-chat-banner-container\" data-apple-business-id=\"34efe1a7-2fb7-4eae-983b-82fe909d2cf7\" data-apple-banner-cta=\"Questions? We can help.\" data-apple-banner-context=\"Chat with one of our pros to solve your problem or learn more about an amazing feature.\" data-apple-banner-rounded-corners=\"false\" data-apple-banner-orientation=\"horizontally\" data-apple-banner-font-family=\"Verdana\" data-apple-banner-scale=\"1.07\" data-apple-banner-background-color=\"rgb(255, 255, 255)\" data-apple-banner-text-color=\"rgb(0, 0, 0)\" data-apple-banner-icon-background-color=\"rgb(239, 239, 244)\" data-apple-banner-icon-color=\"rgb(0, 122, 255)\" data-apple-banner-orientation=\"vertical\"><\/div><\/div><\/div>\n\n\n\n<hr class=\"wp-block-separator\"\/>\n","protected":false},"excerpt":{"rendered":"<p>Extensi\u00f3n del navegador Tema del navegador Aplicaci\u00f3n de escritorio Aplicaci\u00f3n movil Asistente personal About Project \u00bfC\u00f3mo usar la extensi\u00f3n Turn Off the Lights Browser en su navegador web favorito? Obtenga m\u00e1s informaci\u00f3n sobre todas las funciones sorprendentes y \u00fatiles de la extensi\u00f3n del navegador Turn Off the Lights. Para que tenga la mejor experiencia web [&hellip;]<\/p>\n","protected":false},"author":1,"featured_media":0,"parent":0,"menu_order":0,"comment_status":"closed","ping_status":"closed","template":"","meta":{"footnotes":""},"class_list":["post-5158","page","type-page","status-publish","hentry"],"lang":"es","translations":{"es":5158,"en":3918,"zh":6547,"ru":6553,"fr":8550,"de":15418,"ja":19644},"pll_sync_post":[],"_links":{"self":[{"href":"https:\/\/www.turnoffthelights.com\/support\/wp-json\/wp\/v2\/pages\/5158","targetHints":{"allow":["GET"]}}],"collection":[{"href":"https:\/\/www.turnoffthelights.com\/support\/wp-json\/wp\/v2\/pages"}],"about":[{"href":"https:\/\/www.turnoffthelights.com\/support\/wp-json\/wp\/v2\/types\/page"}],"author":[{"embeddable":true,"href":"https:\/\/www.turnoffthelights.com\/support\/wp-json\/wp\/v2\/users\/1"}],"replies":[{"embeddable":true,"href":"https:\/\/www.turnoffthelights.com\/support\/wp-json\/wp\/v2\/comments?post=5158"}],"version-history":[{"count":0,"href":"https:\/\/www.turnoffthelights.com\/support\/wp-json\/wp\/v2\/pages\/5158\/revisions"}],"wp:attachment":[{"href":"https:\/\/www.turnoffthelights.com\/support\/wp-json\/wp\/v2\/media?parent=5158"}],"curies":[{"name":"wp","href":"https:\/\/api.w.org\/{rel}","templated":true}]}}